{"id":8,"date":"2019-08-04T16:40:01","date_gmt":"2019-08-04T14:40:01","guid":{"rendered":"http:\/\/cukinia.asoft.pl\/?page_id=8"},"modified":"2019-08-04T16:59:53","modified_gmt":"2019-08-04T14:59:53","slug":"strona-glowna","status":"publish","type":"page","link":"http:\/\/cukinia.asoft.pl\/index.php\/strona-glowna\/","title":{"rendered":"S\u0104SIEDZKIE \u015aWI\u0118TO CUKINII &#8211; podziel si\u0119 cukini\u0105"},"content":{"rendered":"\n<figure class=\"wp-block-image\"><img decoding=\"async\" loading=\"lazy\" width=\"777\" height=\"583\" src=\"http:\/\/cukinia.asoft.pl\/wp-content\/uploads\/2019\/08\/ulotka1.png\" alt=\"\" class=\"wp-image-34\" srcset=\"http:\/\/cukinia.asoft.pl\/wp-content\/uploads\/2019\/08\/ulotka1.png 777w, http:\/\/cukinia.asoft.pl\/wp-content\/uploads\/2019\/08\/ulotka1-300x225.png 300w, http:\/\/cukinia.asoft.pl\/wp-content\/uploads\/2019\/08\/ulotka1-768x576.png 768w\" sizes=\"(max-width: 777px) 100vw, 777px\" \/><\/figure>\n\n\n<p align=\"center\"><span style=\"font-size: 300%;\"><i>S\u0104SIEDZKIE \u015aWI\u0118TO CUKINII <\/i><\/span><\/p>\n<p align=\"center\"><i><span style=\"font-size: 300%;\">&#8211; podziel si\u0119 cukini\u0105<\/span><\/i><\/p>\n\n\n<p style=\"text-align:center\"><em>sobota\n<strong>10 sierpnia 2019\ngodz 14-16<\/strong> \n&#8222;M\u00f3j Rynek&#8221; w Wi\u0105zownie<\/em><\/p>\n\n\n\n<p><em>S\u0104SIEDZKIE \u015aWI\u0118TO CUKINII to otwarte, swobodne spotkanie mieszka\u0144c\u00f3w i sympatyk\u00f3w gminy Wi\u0105zowna.<\/em><\/p>\n\n\n\n<p><em> Celem tego wydarzenia jest poznanie si\u0119, wsp\u00f3lne sp\u0119dzenie czasu przy potrawach z cukinii , wymiana przepis\u00f3w i smak\u00f3w. <\/em> <\/p>\n\n\n\n<p><em> Kto ma nadmiar plon\u00f3w w swoim ogrodzie tak\u017ce mo\u017ce si\u0119 wymieni\u0107 lub podzieli\u0107 z innymi. <br> Go\u015bcinny &#8222;M\u00f3j Rynek&#8221; udost\u0119pnia nam sto\u0142y i zadaszenie, reszt\u0119 musimy przynie\u015b\u0107 sami. Prosz\u0119 przynie\u015b w\u0142asne nakrycia do degustacji (talerz, sztu\u0107ce, kubek) , je\u015bli kto\u015b potrzebuje to tak\u017ce krzes\u0142o i koniecznie puste s\u0142oiki na wybrane potrawy. <\/em> <\/p>\n\n\n\n<p><em> Chcia\u0142abym by nie zosta\u0142 po nas \u015blad wi\u0119c prosz\u0119 o nie przynoszenie jednoraz\u00f3wek. <br> Jeste\u015bmy w miejscu publicznym, prosz\u0119 wi\u0119c o nie przynoszenie alkoholu (nawet z cukinii). <br> Ze swej strony obiecuj\u0119 ananasa z cukinii, zup\u0119, pasztet, w\u0142asny chleb pieczony na zakwasie i jeszcze kilka niespodzianek z cukinii .<\/em><\/p>\n\n\n\n<p><em>Zapraszam wszystkich ch\u0119tnych do udzia\u0142u i dzielenia si\u0119 przygotowanymi potrawami jak te\u017c przepisami na warzywne smako\u0142yki. <\/em><\/p>\n\n\n\n<p><em><br> Prosz\u0119 przyjd\u017a i zapro\u015b ka\u017cdego kogo chcia\u0142by\u015b zobaczy\u0107 przy swoim stole. <\/em> <\/p>\n\n\n\n<p style=\"text-align:right\" class=\"has-small-font-size\"><em>Zaprasza Rodzina Chwalczuk\u00f3w <br> Wanda, Tolek, Ania, Andrzej, Kasia i Monika  <\/em><\/p>\n\n\n\n<figure class=\"wp-block-image\"><img decoding=\"async\" loading=\"lazy\" width=\"777\" height=\"576\" src=\"http:\/\/cukinia.asoft.pl\/wp-content\/uploads\/2019\/08\/ulotka2.png\" alt=\"\" class=\"wp-image-35\" srcset=\"http:\/\/cukinia.asoft.pl\/wp-content\/uploads\/2019\/08\/ulotka2.png 777w, http:\/\/cukinia.asoft.pl\/wp-content\/uploads\/2019\/08\/ulotka2-300x222.png 300w, http:\/\/cukinia.asoft.pl\/wp-content\/uploads\/2019\/08\/ulotka2-768x569.png 768w\" sizes=\"(max-width: 777px) 100vw, 777px\" \/><\/figure>\n","protected":false},"excerpt":{"rendered":"<p>S\u0104SIEDZKIE \u015aWI\u0118TO CUKINII &#8211; podziel si\u0119 cukini\u0105 sobota 10 sierpnia 2019 godz 14-16 &#8222;M\u00f3j Rynek&#8221; w Wi\u0105zownie S\u0104SIEDZKIE \u015aWI\u0118TO CUKINII to otwarte, swobodne spotkanie mieszka\u0144c\u00f3w i sympatyk\u00f3w gminy Wi\u0105zowna. Celem tego wydarzenia jest poznanie si\u0119, wsp\u00f3lne sp\u0119dzenie czasu przy potrawach z cukinii , wymiana przepis\u00f3w i smak\u00f3w. Kto ma nadmiar plon\u00f3w w swoim ogrodzie tak\u017ce [&hellip;]<\/p>\n","protected":false},"author":1,"featured_media":0,"parent":0,"menu_order":0,"comment_status":"closed","ping_status":"closed","template":"","meta":[],"_links":{"self":[{"href":"http:\/\/cukinia.asoft.pl\/index.php\/wp-json\/wp\/v2\/pages\/8"}],"collection":[{"href":"http:\/\/cukinia.asoft.pl\/index.php\/wp-json\/wp\/v2\/pages"}],"about":[{"href":"http:\/\/cukinia.asoft.pl\/index.php\/wp-json\/wp\/v2\/types\/page"}],"author":[{"embeddable":true,"href":"http:\/\/cukinia.asoft.pl\/index.php\/wp-json\/wp\/v2\/users\/1"}],"replies":[{"embeddable":true,"href":"http:\/\/cukinia.asoft.pl\/index.php\/wp-json\/wp\/v2\/comments?post=8"}],"version-history":[{"count":5,"href":"http:\/\/cukinia.asoft.pl\/index.php\/wp-json\/wp\/v2\/pages\/8\/revisions"}],"predecessor-version":[{"id":95,"href":"http:\/\/cukinia.asoft.pl\/index.php\/wp-json\/wp\/v2\/pages\/8\/revisions\/95"}],"wp:attachment":[{"href":"http:\/\/cukinia.asoft.pl\/index.php\/wp-json\/wp\/v2\/media?parent=8"}],"curies":[{"name":"wp","href":"https:\/\/api.w.org\/{rel}","templated":true}]}}

SĄSIEDZKIE ŚWIĘTO CUKINII &#8211; podziel się cukinią

<figure class="wp-block-image"><img decoding="async" loading="lazy" width="777" height="583" src="http://cukinia.asoft.pl/wp-content/uploads/2019/08/ulotka1.png" alt="" class="wp-image-34" srcset="http://cukinia.asoft.pl/wp-content/uploads/2019/08/ulotka1.png 777w, http://cukinia.asoft.pl/wp-content/uploads/2019/08/ulotka1-300x225.png 300w, http://cukinia.asoft.pl/wp-content/uploads/2019/08/ulotka1-768x576.png 768w" sizes="(max-width: 777px) 100vw, 777px" /></figure>


<p align="center"><span style="font-size: 300%;"><i>SĄSIEDZKIE ŚWIĘTO CUKINII </i></span></p>
<p align="center"><i><span style="font-size: 300%;">&#8211; podziel się cukinią</span></i></p>


<p style="text-align:center"><em>sobota
<strong>10 sierpnia 2019
godz 14-16</strong> 
&#8222;Mój Rynek&#8221; w Wiązownie</em></p>



<p><em>SĄSIEDZKIE ŚWIĘTO CUKINII to otwarte, swobodne spotkanie mieszkańców i sympatyków gminy Wiązowna.</em></p>



<p><em> Celem tego wydarzenia jest poznanie się, wspólne spędzenie czasu przy potrawach z cukinii , wymiana przepisów i smaków. </em> </p>



<p><em> Kto ma nadmiar plonów w swoim ogrodzie także może się wymienić lub podzielić z innymi. <br> Gościnny &#8222;Mój Rynek&#8221; udostępnia nam stoły i zadaszenie, resztę musimy przynieść sami. Proszę przynieś własne nakrycia do degustacji (talerz, sztućce, kubek) , jeśli ktoś potrzebuje to także krzesło i koniecznie puste słoiki na wybrane potrawy. </em> </p>



<p><em> Chciałabym by nie został po nas ślad więc proszę o nie przynoszenie jednorazówek. <br> Jesteśmy w miejscu publicznym, proszę więc o nie przynoszenie alkoholu (nawet z cukinii). <br> Ze swej strony obiecuję ananasa z cukinii, zupę, pasztet, własny chleb pieczony na zakwasie i jeszcze kilka niespodzianek z cukinii .</em></p>



<p><em>Zapraszam wszystkich chętnych do udziału i dzielenia się przygotowanymi potrawami jak też przepisami na warzywne smakołyki. </em></p>



<p><em><br> Proszę przyjdź i zaproś każdego kogo chciałbyś zobaczyć przy swoim stole. </em> </p>



<p style="text-align:right" class="has-small-font-size"><em>Zaprasza Rodzina Chwalczuków <br> Wanda, Tolek, Ania, Andrzej, Kasia i Monika  </em></p>



<figure class="wp-block-image"><img decoding="async" loading="lazy" width="777" height="576" src="http://cukinia.asoft.pl/wp-content/uploads/2019/08/ulotka2.png" alt="" class="wp-image-35" srcset="http://cukinia.asoft.pl/wp-content/uploads/2019/08/ulotka2.png 777w, http://cukinia.asoft.pl/wp-content/uploads/2019/08/ulotka2-300x222.png 300w, http://cukinia.asoft.pl/wp-content/uploads/2019/08/ulotka2-768x569.png 768w" sizes="(max-width: 777px) 100vw, 777px" /></figure>

<p>SĄSIEDZKIE ŚWIĘTO CUKINII &#8211; podziel się cukinią sobota 10 sierpnia 2019 godz 14-16 &#8222;Mój Rynek&#8221; w Wiązownie SĄSIEDZKIE ŚWIĘTO CUKINII to otwarte, swobodne spotkanie mieszkańców i sympatyków gminy Wiązowna. Celem tego wydarzenia jest poznanie się, wspólne spędzenie czasu przy potrawach z cukinii , wymiana przepisów i smaków. Kto ma nadmiar plonów w swoim ogrodzie także [&hellip;]</p>
